84 and 2367250?
1114
What is the greatest common factor of 17398680 and 741?
741
What is the highest common factor of 5 and 173409520?
5
What is the greatest common factor of 7 and 5453511?
7
What is the highest common factor of 5707 and 2119?
13
Calculate the greatest common factor of 354012347 and 5395.
1079
Calculate the greatest common factor of 156 and 206415222.
78
What is the greatest common factor of 6248 and 616000?
88
What is the greatest common divisor of 205357592 and 264?
88
What is the highest common factor of 48 and 170506836?
12
Calculate the highest common divisor of 215622 and 11682.
198
Calculate the greatest common factor of 583 and 144151997.
583
Calculate the highest common factor of 141032 and 897920.
488
What is the highest common factor of 24 and 5936676?
12
What is the greatest common divisor of 4876671 and 646?
17
Calculate the highest common factor of 618037 and 441.
49
What is the highest common divisor of 131466 and 1878?
6
Calculate the highest common divisor of 508258 and 236598.
94
Calculate the highest common divisor of 312 and 1269255.
39
Calculate the highest common factor of 10626 and 1808994.
66
What is the highest common divisor of 2190 and 66938226?
438
Calculate the greatest common divisor of 18166377 and 71823.
807
What is the greatest common factor of 38835055 and 595?
595
Calculate the highest common factor of 163038 and 38.
2
Calculate the highest common divisor of 15645783 and 185.
37
Calculate the highest common divisor of 2121467686 and 494.
494
Calculate the highest common divisor of 2160 and 967455.
45
Calculate the greatest common factor of 367271476 and 169.
169
Calculate the greatest common divisor of 125 and 110135.
5
What is the greatest common factor of 24966 and 418290?
438
What is the highest common factor of 177244 and 176030?
1214
Calculate the highest common divisor of 129637247 and 19.
19
Calculate the highest common factor of 11230 and 6185.
5
What is the greatest common divisor of 763295 and 3835?
65
What is the highest common factor of 418 and 222470848?
38
What is the highest common divisor of 6192 and 19867248?
144
Calculate the greatest common divisor of 3791 and 212772.
17
What is the highest common divisor of 26074748 and 28?
28
What is the highest common factor of 4107975 and 30?
15
What is the greatest common factor of 2056 and 6619292?
1028
What is the greatest common divisor of 33614932 and 2968?
212
Calculate the greatest common factor of 2703249 and 107937.
603
Calculate the highest common divisor of 110776561 and 8204.
2051
What is the highest common factor of 58968 and 34392?
24
What is the highest common factor of 8440 and 1787680?
40
Calculate the greatest common divisor of 13484180 and 3320.
1660
Calculate the greatest common divisor of 140733 and 40642209.
7407
What is the highest common divisor of 558 and 1009794?
186
What is the greatest common divisor of 64566 and 181882?
422
What is the greatest common divisor of 302547771 and 103?
103
Calculate the highest common factor of 173 and 58391.
1
What is the greatest common divisor of 871728 and 1936?
176
Calculate the greatest common divisor of 74424 and 2842288.
3544
Calculate the greatest common factor of 1846 and 3736109.
13
Calculate the highest common factor of 473947088 and 4506.
1502
What is the greatest common divisor of 90 and 2338495?
5
Calculate the greatest common divisor of 14509 and 69619.
11
What is the greatest common divisor of 46088370 and 90?
90
What is the greatest common factor of 6603975 and 27?
9
Calculate the greatest common divisor of 1308 and 128196.
12
What is the greatest common factor of 2600 and 111115600?
200
What is the greatest common divisor of 2134 and 16944154?
194
Calculate the greatest common factor of 117 and 4626297.
117
Calculate the greatest common divisor of 10302 and 1923006.
102
Calculate the highest common divisor of 12838738 and 275.
11
What is the greatest common factor of 87 and 193641?
3
Calculate the highest common factor of 383286 and 3302.
254
What is the greatest common divisor of 516802 and 1877612?
3058
What is the greatest common factor of 230 and 167385214?
46
What is the greatest common divisor of 1460214 and 77427?
63
What is the highest common divisor of 4316 and 102908?
52
What is the highest common factor of 50 and 5088885?
5
Calculate the greatest common divisor of 17360561 and 69.
23
What is the greatest common divisor of 1633 and 6395081?
23
Calculate the greatest common factor of 64 and 14608736.
32
What is the highest common divisor of 679 and 1524355?
679
Calculate the highest common divisor of 235 and 1101351.
47
Calculate the greatest common divisor of 1788 and 362556336.
1788
Calculate the highest common factor of 7509 and 1062.
3
Calculate the greatest common factor of 161 and 1016301.
23
Calculate the greatest common factor of 885170 and 790790.
1430
What is the highest common divisor of 100499 and 14504?
49
Calculate the greatest common factor of 316026755 and 11.
11
Calculate the greatest common factor of 28675 and 792360.
155
What is the highest common divisor of 46063115 and 595?
595
What is the highest common factor of 8964248 and 1943?
29
What is the highest common factor of 106344 and 9056880?
504
Calculate the greatest common factor of 1235459148 and 753.
753
What is the highest common factor of 15562 and 694768?
502
Calculate the highest common divisor of 10668 and 3972.
12
What is the greatest common factor of 36533 and 65952503?
5219
What is the greatest common divisor of 636702 and 267894?
726
Calculate the greatest common divisor of 9821 and 1534882.
1403
What is the highest common divisor of 149 and 14458513?
149
Calculate the highest common divisor of 912 and 1165251.
57
What is the greatest common factor of 1004206 and 3626?
98
Calculate the highest common divisor of 16 and 439784.
8
What is the greatest common factor of 4 and 2869020?
4
Calculate the greatest common divisor of 16452652 and 3152.
788
What is the highest common divisor of 300 and 29592300?
300
What is the highest common factor of 219 and 163302387?
219
What is the highest common factor of 12582 and 13534504?
466
What is the greatest common factor of 16 and 70946256?
16
Calculate the highest common divisor of 44756 and 636634.
134
What is the highest common divisor of 566 and 3016214?
566
What is the highest common divisor of 1403750 and 7250?
250
What is the greatest common divisor of 789509224 and 529?
529
What is the highest common factor of 533 and 2601196?
13
Calculate the highest common divisor of 10469 and 3199657.
551
Calculate the highest common factor of 672 and 475885032.
168
Calculate the greatest common factor of 798896 and 16856.
392
Calculate the highest common factor of 18936 and 13437459.
2367
What is the highest common divisor of 1203447 and 1032?
3
What is the greatest common divisor of 822 and 3246900?
822
Calculate the greatest common factor of 2612610 and 110.
110
What is the greatest common factor of 175 and 29078378?
7
What is the greatest common factor of 109902 and 751?
1
What is the highest common divisor of 30 and 8081214?
6
What is the highest common divisor of 559 and 41701873?
43
What is the greatest common divisor of 2962 and 7917426?
2962
Calculate the highest common factor of 36400 and 3769675.
2275
What is the greatest common factor of 8021457 and 437?
23
Calculate the greatest common divisor of 339160 and 3965.
305
Calculate the highest common divisor of 117204191 and 247.
13
Calculate the greatest common factor of 658 and 341550034.
658
What is the highest common divisor of 70866 and 169164?
2286
Calculate the greatest common factor of 230 and 5914105.
115
What is the highest common factor of 1918971729 and 81?
81
What is the highest common divisor of 64101 and 183885?
69
What is the greatest common factor of 70420 and 1784644?
2012
Calculate the highest common factor of 52 and 4067986.
26
What is the greatest common divisor of 345 and 514671?
69
Calculate the greatest common divisor of 166593 and 1764.
21
Calculate the highest common factor of 73419843 and 3175.
127
Calculate the greatest common factor of 7862668 and 8.
4
What is the greatest common divisor of 46774 and 8918?
182
Calculate the highest common divisor of